i) = -42*i**2 + i + 7. Let c be n(6). Is (2*-1 + 1)*(c + -44) composite?
False
Let z be (-3432)/(-154)*182/3. Suppose 2*g - 203 - 625 = 0. Suppose 0 = -4*u - r + 2205 - g, 3*u - r = z. Is u composite?
False
Let z(p) be the second derivative of 1/20*p**5 + 2*p**3 + 39*p + 0 + 31/2*p**2 + 11/12*p**4. Is z(14) prime?
True
Let i(x) = -78 - 49 - 51 + 224*x + 49. Is i(4) prime?
False
Let f be (-302442)/(-18) + 12/(-9). Suppose f = 4*x - 2*p - p, x - 5*p = 4196. Is x a prime number?
True
Is (3 - (-462902)/(-14))*(-343)/98 a composite number?
True
Let i(m) = 5264*m**2 - 19*m - 37. Is i(-4) prime?
True
Suppose -3*z - 9 = -n - 35, -36 = 4*n + 5*z. Is 1/(-2) - 40509/n composite?
True
Suppose g + 556352 = 2*j, -125*j + 127*j - 5*g - 556344 = 0. Is j a prime number?
True
Is ((-2)/6 + 0)/((-132122990)/(-6606150) + -20) a composite number?
True
Let l = 44 - -9. Let d = 55 - l. Is ((1 - d) + 2)/(16/4688) composite?
False
Is (-7 - -3) + 77 + 48808 prime?
False
Suppose -3*a - 152 - 184 = -3*j, 2*j = -2*a + 216. Suppose -u = 172 - j. Let q = u + 115. Is q prime?
True
Suppose 41 = -t - 3*l, t + 39 + 8 = -5*l. Let a = 29 + t. Is ((-1)/a)/((-6819)/3411 + 2) composite?
False
Let o = 212 + -220. Is o - -15 - (-438 + -1) prime?
False
Suppose -8*q + 4*q = 4*o - 174860, -5*q + o = -218551. Is q a composite number?
False
Suppose -4*w - 9390 = -4*z + 7686, 4*w = -5*z + 21363. Is z prime?
True
Is 3/(-8) + 41230872/576 a composite number?
True
Let s = 80709 + -54571. Suppose -r = 13*r - s. Is r a composite number?
False
Suppose -1404 - 816 = -2*u. Suppose -3*l + 672 = 3*i, -7*i + 12*i + u = 5*l. Is l prime?
True
Is (-17 + 16)*(1 - 4)*(-67406)/(-6) prime?
True
Suppose 19*d = 14*d + 45. Suppose -d = 3*n - 18. Suppose -n*a + 380 = -91. Is a a composite number?
False
Is (-2 + -2 - -5)*(481733 - -50) prime?
False
Suppose -26233624 = -48*d + 21246584. Is d prime?
True
Let c(y) = y**3 - 3*y**2 + y - 1. Let u be c(2). Let j be 1/(-8) + ((-69)/24 - u). Suppose 0 = -9*w - j*w + 1665. Is w composite?
True
Let k(w) = -2141*w - 30. Let x be k(-10). Is (5/30*x)/(2/3) a composite number?
True
Let o(a) = a**2 - 6*a + 5. Let v be (-6)/8 + (-19)/(-4). Let q be o(v). Is (q - 1)*(-409)/(-4)*-1 a prime number?
True
Let p be (12/11)/(14/77). Suppose p = -24*k + 27*k. Suppose -k*r - 5720 = -15810. Is r a composite number?
True
Suppose 635871 = -36*u + 4077867. Is u composite?
True
Let f(k) = -48*k + 1293. Let j be f(27). Suppose t - h = -4, 2*t = -3*h + 4 + 8. Is (1260 - t) + (j - -2) composite?
False
Suppose 4*y + 4*w - 66122 - 238530 = 0, -2*w - 2 = 0. Suppose 33*c = 45*c - y. Is c prime?
False
Let m(f) = f**2 + 6*f + 11. Let i be m(-9). Let k = -34 + i. Suppose 4 = k*c, 4*c - 305 - 38 = -3*z. Is z a prime number?
True
Let u(q) be the second derivative of -81*q**3/2 - 7*q**2/2 - 2*q - 3. Is u(-2) a prime number?
True
Let m = 40 - 35. Suppose 3*t - 12 = -m*v + 15, 5*t + 4*v - 32 = 0. Suppose -4*b + 108 = -s - 226, -t*s = 5*b - 407. Is b composite?
False
Let w = -915 + 923. Is (1195 - w) + (1 - 3)*-2 composite?
True
Let t(m) = 6*m**2 + 50*m - 744. Let g(y) = -4*y**2 - 34*y + 495. Let s(x) = 7*g(x) + 5*t(x). Is s(35) a composite number?
True
Suppose 5*r - 2*o - 143695 = 0, -5*o = -1982*r + 1985*r - 86217. Is r prime?
False
Suppose 0 = -2*h - 4*u + 10, 5*h + 11 = 2*u - 12. Let n be (h - -8)/(-5) - (1 + 0). Is n/(-12) + 0 + 1970/60 composite?
True
Is -1*6/27 + ((-66682190)/(-45))/2 a composite number?
True
Suppose -4*h = -p + 46, 0*p - 4*h - 98 = -3*p. Suppose -421573 = -p*y - 44495. Is y a prime number?
True
Suppose -k - 133936 = -3*h + 203625, -h + 112539 = 2*k. Is h a prime number?
False
Let f(b) be the third derivative of 38*b**2 - 7/6*b**3 + 113/4*b**4 + 0 + 0*b. Is f(2) a composite number?
True
Suppose -3126*h = -3132*h + 1070778. Is h a prime number?
False
Let k(x) = x**2 - 9*x - 29. Let t be k(15). Let i = -63 + t. Let n(f) = -110*f - 5. Is n(i) prime?
False
Let d(t) = 26*t**3 + 41*t**2 - 26*t - 1621. Is d(36) prime?
False
Let w be 26/(-195) - 515/75. Is 1/(w + (-109692)/(-15669)) prime?
True
Let b(m) = -10208*m + 2583. Is b(-17) composite?
True
Let x = -16945 + 31055. Let c = 20499 - x. Is c a prime number?
True
Let p(y) = 3896*y + 1103. Is p(93) composite?
False
Suppose -3*k = -2*o + 24, 3*o - 14 = -6*k + 5*k. Is (-4)/(-12)*(-33996)/((-24)/o) prime?
True
Let t = -106045 - -193736. Is t a composite number?
False
Let r = -185 + 177. Is (-21)/((-756)/r) - (-227002)/18 prime?
True
Let g be 136/(-10) - (-68)/(-170). Is (0 + -2 - -21783) + (-56)/g a prime number?
False
Let r = -12902 - -18619. Suppose 2*i - 2*h + r = h, i + 2855 = -2*h. Let o = i + 4238. Is o a prime number?
True
Let k(f) = 10 - 5*f**2 + f**2 + 13*f + f**3 + 2*f**2. Let v be -18*5/(-20)*(2 + 0/(-3)). Is k(v) composite?
True
Is (2 + 5 + -565211)*2*(-4)/32 prime?
True
Let k = -229 + 107. Let i = 307 + k. Is i a prime number?
False
Suppose 25*v = 29*v - 16. Suppose x - 3*x = -v. Suppose -x*q + 83 = 5*p - 40, q + p = 60. Is q a prime number?
True
Suppose 0 = 13*x - 97231 - 600212 - 1388810. Is x a prime number?
True
Suppose 0 = -3*j + 4*j + 4*f - 1, f = -2*j + 9. Suppose 3*l + 0*i = j*i - 52, 3*l = 2*i - 55. Is (-4066)/l - 2*3/2 prime?
True
Let a be (-119)/(-28) - 3 - 6/(-8). Suppose -b - p + 7123 = 0, 2*b - a*p - 21359 = -b. Is b a prime number?
True
Suppose 0 = -436*v + 425*v + 3309542 + 6846065. Is v a composite number?
True
Suppose 12 = 5*d - 13. Suppose -12597 = n - 2*g, 2*n + d*g + 22416 + 2814 = 0. Is (-3)/2 - n/10 a composite number?
False
Suppose 9*z - 13*z + 28369 = 7*z. Is z prime?
True
Let o(l) = 294*l**2 - 108*l + 721. Is o(7) a prime number?
False
Suppose 0*h = -30*h + 10570006 + 3791624. Is h composite?
True
Let d = 44258 + 24743. Is d prime?
True
Let x(b) be the first derivative of 91*b**4/4 + 2*b**3/3 + b**2/2 - 4*b - 86. Is x(2) a prime number?
False
Let q(y) = -y**3 - 12*y**2 + 27*y - 12. Let r be q(-14). Suppose -5*t + 68373 = -3*x, -5*x - 68375 = -3*t - r*t. Is t/8 + -2 + (-7)/(-4) a composite number?
False
Is ((-5)/(200/(-370)))/((-2)/(-6632)) a composite number?
True
Let p = 11371 - 5832. Is p composite?
True
Suppose 0 = 17*l - 2*l - 30. Suppose -5*p = l*o - 3601, -p - 4*p = -2*o + 3571. Is o a prime number?
False
Let t(j) = 1115*j**2 + 245*j - 2207. Is t(9) a prime number?
True
Let u(g) = -191*g - 9. Let m be (-3 - 0) + 286/(-13). Let s = m - -23. Is u(s) composite?
False
Let l be (-233949)/18 - (-9)/54. Is l/(-5) - 106/265 composite?
True
Suppose -5*g - 2367 = -2*u, 2*u + g + 4779 = 6*u. Let j = -4735 - -4978. Suppose n - 4*l - j = 0, 4*n - u = 5*l - 202. Is n a prime number?
True
Let f(g) = -68*g - 65. Let u = 59 - 70. Is f(u) prime?
True
Suppose 1 = 6*u - 23. Is u + (99/(-2))/((-5)/250) a composite number?
True
Let q(r) = r**2 + 3*r - 7. Let z be q(-5). Suppose 2*x + 6 = 3*a, a + z = 3*a - x. Is (-10)/5 + 555 + a + -2 a prime number?
False
Let o(b) = 171*b**2 + 4*b - 3. Let c be o(2). Suppose 3*i = 24 - 9. Is c - 3*i/(-3) a composite number?
True
Let c be ((-617960)/21)/((-3)/(-9)). Is c/70*(-7)/2 composite?
True
Let t(v) = 6253*v**2 + 339*v + 1677. Is t(-5) a composite number?
False
Suppose -3*g = -17*g + 11438. Let v = g - -3466. Is v a prime number?
True
Let g be 1/((6/1774)/3). Suppose 0 = -27*i + 23*i + 24. Is -1*g/i*-6 composite?
False
Let j(y) be the first derivative of y**7/84 - y**6/360 - y**5/60 + y**4/12 - 7*y**3/3 - 16. Let c(f) be the third derivative of j(f). Is c(2) composite?
True
Let x be (-4*(-4)/(-2))/(-15 + 13). Suppose x*v = -5*t - 0*t + 5057, 4*t - 4042 = -2*v. Is t composite?
False
Let t(j) = 112*j + 5. Suppose 2*k - 33 = 5*n, n - 4*k + 14 + 7 = 0. Let a be t(n). Let s = -349 - a. Is s a prime number?
False
Let d(z) = 2*z**2 - 28*z. Let a be d(14). Suppose 2*u + a*u - 6 = 0. Suppose 3*v + 8*t - 77 = u*t, v = -3*t + 19. Is v a prime number?
False
Let v be 5*(4/2 + -3). Let s(k) = -2*k**3 - 99*k**2 - 50*k + 256. Let z be s(-49). Is (-3 - (v - z))*(0 + 1) a composite number?
False
Suppose -80*c = -209*c - 69*c + 35220834. Is c a prime number?
True
Let d(m) = 7*m - 5. Let s be d(1). Suppose 0*a + 5*a = 5*b + 4425, s*b - 8 = 0. Is a composite?
True
Let g(j) = j**2 + 12*j + 16. Let x be g(-16). Is x/5*936 - 7 a composite number?
False
Let f be 2428/3*15/10. Let u = 2163 - f. Suppose w